se 4) to base 13.
-67b2
Convert 10d (base 14) to base 7.
416
Convert -2410 (base 9) to base 8.
-3377
Convert -25436 (base 14) to base 11.
-62727
What is 10011000010 (base 2) in base 11?
a08
-110223 (base 5) to base 4
-323211
11001100001 (base 2) to base 9
2214
1a6 (base 12) to base 10
270
What is 212002121 (base 3) in base 16?
41c5
What is -2414 (base 6) in base 14?
-2dc
What is -71255 (base 9) in base 2?
-1011011100010100
Convert -3288 (base 9) to base 8.
-4575
What is -1101220 (base 4) in base 13?
-24bb
-9275 (base 12) to base 13
-7334
What is -223321 (base 6) in base 15?
-590d
What is 12515 (base 6) in base 9?
2562
Convert 419 (base 16) to base 4.
100121
-111000011 (base 2) to base 6
-2031
Convert -1234401 (base 5) to base 16.
-5f1f
What is 11386 (base 10) in base 5?
331021
What is 25053 (base 7) in base 10?
6555
What is -1014 (base 8) in base 11?
-437
Convert 24758 (base 11) to base 2.
1000101010111100
What is 13657 (base 12) in base 10?
26851
What is 591 (base 12) in base 9?
1121
What is 4293 (base 15) in base 9?
21283
1010012 (base 3) to base 9
1105
Convert 23130 (base 4) to base 6.
3220
13075 (base 10) to base 16
3313
-1983 (base 10) to base 9
-2643
What is 6c82 (base 13) in base 16?
3bd4
Convert -110211 (base 4) to base 16.
-525
Convert -2221020 (base 3) to base 14.
-acb
What is 100001101010 (base 2) in base 5?
32104
3900 (base 10) to base 6
30020
Convert -1121011 (base 5) to base 15.
-5e71
Convert 1102 (base 6) to base 9.
312
Convert 282 (base 13) to base 5.
3234
Convert -1024512 (base 6) to base 15.
-ed85
What is 17076 (base 8) in base 5?
221432
Convert -2303003 (base 4) to base 11.
-8678
-80b (base 12) to base 14
-5d1
What is 203040 (base 6) in base 2?
11111101100000
Convert -482 (base 14) to base 9.
-1207
-1646 (base 12) to base 6
-20130
Convert -2081 (base 11) to base 16.
-abf
-17371 (base 9) to base 8
-27303
Convert -67 (base 11) to base 6.
-201
What is -60556 (base 9) in base 8?
-115616
537 (base 9) to base 10
439
What is 1ac (base 16) in base 6?
1552
What is -24416 (base 7) in base 8?
-14357
-463 (base 8) to base 12
-217
12 (base 5) to base 8
7
What is -4564 (base 8) in base 10?
-2420
34 (base 16) to base 13
40
Convert 11100202 (base 3) to base 16.
c6b
Convert -100110111110011 (base 2) to base 15.
-5da5
a48 (base 15) to base 9
3155
Convert -10010000010 (base 2) to base 7.
-3236
10000010111000010 (base 2) to base 12
32942
Convert -4213 (base 6) to base 3.
-1022000
What is -7140 (base 8) in base 16?
-e60
What is -100010010 (base 2) in base 16?
-112
-44837 (base 9) to base 8
-72222
727 (base 11) to base 4
31230
What is c33 (base 15) in base 4?
222330
-60302 (base 8) to base 14
-9054
-2112122110 (base 3) to base 16
-c37b
7481 (base 10) to base 4
1310321
-5424 (base 8) to base 6
-21044
Convert -1a3a (base 15) to base 3.
-21210101
Convert -113320 (base 4) to base 5.
-22103
What is -3343 (base 8) in base 3?
-2102022
What is -1042 (base 5) in base 13?
-b4
What is -1819 (base 11) in base 8?
-4417
4334 (base 11) to base 15
1a69
-1476 (base 15) to base 13
-1cc5
Convert 12133 (base 4) to base 12.
2a7
Convert -1031130 (base 4) to base 2.
-1001101011100
Convert -1101220120 (base 3) to base 5.
-1341021
-219 (base 14) to base 5
-3130
What is -1000010010111110 (base 2) in base 16?
-84be
-1002010122 (base 3) to base 14
-7a51
Convert -23121 (base 4) to base 11.
-603
Convert -256d (base 14) to base 3.
-100000011
What is 1c70 (base 16) in base 6?
53412
290a (base 12) to base 4
1022122
Convert 2062 (base 11) to base 9.
3663
What is 64 (base 14) in base 15?
5d
What is -24331 (base 5) in base 8?
-3461
-15da (base 14) to base 4
-331030
Convert -1313300 (base 4) to base 3.
-101111212
-2402 (base 11) to base 3
-11022121
Convert 3430 (base 8) to base 6.
12224
Convert 23a0 (base 11) to base 2.
110000111111
What is -25402 (base 8) in base 16?
-2b02
What is -11100010010100 (base 2) in base 3?
-201212110
-365 (base 8) to base 2
-11110101
What is 62773 (base 8) in base 2?
110010111111011
Convert 110021022 (base 3) to base 14.
338d
Convert 1133 (base 6) to base 14.
157
What is -150d (base 14) in base 10?
-3737
What is -1110101011011 (base 2) in base 4?
-1311123
Convert 50123 (base 6) to base 16.
1983
-11110000 (base 2) to base 8
-360
Convert -1bad (base 15) to base 11.
-4577
What is -931 (base 10) in base 8?
-1643
What is 20520 (base 6) in base 5?
42114
5037 (base 8) to base 5
40331
What is 22444 (base 5) in base 3?
2020011
-295 (base 14) to base 7
-1345
-1111 (base 3) to base 6
-104
What is -b (base 15) in base 9?
-12
What is -c82e (base 15) in base 5?
-2323334
13201020 (base 4) to base 7
155526
Convert 100a (base 11) to base 10.
1341
What is 7706 (base 9) in base 5?
140201
Convert -298 (base 15) to base 16.
-251
Convert -2011110 (base 3) to base 11.
-1205
Convert -2296 (base 11) to base 5.
-44014
32314 (base 10) to base 9
48284
What is -3211 (base 6) in base 11?
-601
102022 (base 3) to base 11
258
-111 (base 15) to base 11
-1aa
What is -136446 (base 8) in base 6?
-1012102
What is 10541 (base 7) in base 16?
a73
Convert -181 (base 16) to base 7.
-1060
What is 52 (base 11) in base 3?
2010
-15151 (base 7) to base 14
-1761
Convert a32 (base 16) to base 12.
1616
Convert -1024 (base 7) to base 9.
-441
Convert 5322 (base 8) to base 16.
ad2
-5224 (base 7) to base 3
-2111211
Convert 128 (base 10) to base 11.
107
What is -12202 (base 5) in base 12?
-653
What is 1431311 (base 5) in base 7?
154031
Convert 783b (base 15) to base 11.
18165
Convert -23451 (base 6) to base 12.
-1b87
Convert 18b (base 14) to base 10.
319
What is 13a1 (base 13) in base 8?
5423
What is 1000010100110100 (base 2) in base 12?
17898
45306 (base 7) to base 5
331342
Convert 535 (base 7) to base 13.
17b
Convert 13c7 (base 15) to base 3.
12210221
237 (base 8) to base 11
135
Convert 121301 (base 4) to base 7.
4544
-1002212220 (base 3) to base 11
-15406
What is -10220111 (base 3) in base 5?
-42343
Convert -67701 (base 8) to base 11.
-1a549
Convert 40f (base 16) to base 4.
100033
-6268 (base 16) to base 4
-12021220
What is 2874 (base 12) in base 4?
1021120
What is 479 (base 11) in base 6?
2350
-2562 (base 16) to base 7
-36621
Convert 232 (base 9) to base 11.
164
-212001 (base 3) to base 4
-21232
121a9 (base 11) to base 13
7ca6
100110011100 (base 2) to base 10
2460
Convert 3b71 (base 13) to base 6.
103314
What is -401 (base 15) in base 10?
-901
Convert -1001010010111 (base 2) to base 8.
-11227
2021 (base 4) to base 11
115
455034 (base 6) to base 14
10154
What is 51a (base 12) in base 2?
1011100110
What is 114215 (base 6) in base 9?
14662
-10111000101 (base 2) to base 8
-2705
What is -410 (base 6) in base 7?
-303
What is -17b (base 16) in base 2?
-101111011
Convert -2b8 (base 16) to base 2.
-1010111000
What is 325 (base 10) in base 7?
643
Convert -3420 (base 6) to base 12.
-570
What is 7281 (base 11) in base 12?
5700
-1202020 (base 3) to base 12
-8a3
What is 76243 (base 9) in base 8?
142506
-112100 (base 5) to base 4
-332321
Convert 11122 (base 7) to base 11.
2124
What is -1317 (base 8) in base 3?
-222122
Convert -22315 (base 7) to base 6.
-42051
What is 232a (base 13) in base 3?
20202212
What is 1414 (base 8) in base 10?
780
-33322 (base 4) to base 5
-13033
-21311003 (base 4) to base 7
-225242
What is 478 (base 9) in base 15?
1b5
What is -152a (base 11) in base 3?
-2200220
What is -1521 (base 7) in base 2?
-1001011011
Convert -1000122202 (base 3) to base 16.
-4ec2
Convert -619 (base 11) to base 12.
-522
What is 18269 (base 11) in base 4?
12100012
What is -157 (base 14) in base 10?
-273
What is 618 (base 9) in base 14?
27d
Convert -20031021 (base 4) to base 7.
-166662
1011200 (base 3) to base 15
3c0
What is -443 (base 9) in base 6?
-1403
1150 (base 6) to base 4
10122
-12243 (base 7) to base 15
-e46
What is -341 (base 7) in base 14?
-c8
3050 (base 15) to base 6
115120
435 (base 9) to base 12
258
-23bb (base 14) to base 15
-1cb1
Convert 65a (base 15) to base 7.
4120
Convert -12223 (base 4) to base 10.
-427
What is 474 (base 15) in base 14?
521
What is 11000001000101 (base 2) in base 7?
51012
What is 4168 (base 9) in base 16?
bf3
What is -8972 (base 15) in base 9?
-43858
What is -cba (base 14) in base 13?
-11b7
-10001110011 (base 2) to base 3
-1120012
Convert 31102 (base 4) to base 8.
1522
-b154 (base 13) 